se 6) to base 10.
5591
Convert -112 (base 3) to base 5.
-24
1050 (base 8) to base 14
2b6
Convert -936 (base 12) to base 11.
-1007
What is -133442 (base 5) in base 6?
-41241
Convert -4260 (base 12) to base 6.
-53400
What is -6004 (base 7) in base 11?
-1605
What is 2929 (base 10) in base 8?
5561
Convert -336304 (base 7) to base 11.
-40a54
What is 15655 (base 7) in base 8?
10542
What is 920 (base 13) in base 10?
1547
What is -1032 (base 4) in base 8?
-116
-176 (base 14) to base 10
-300
What is 1000132 (base 4) in base 11?
3111
210111100 (base 3) to base 12
9099
-100101100 (base 2) to base 10
-300
215 (base 15) to base 8
726
What is -204 (base 9) in base 16?
-a6
Convert -2837 (base 9) to base 10.
-2140
-656 (base 11) to base 2
-1100010011
What is 1dc2 (base 15) in base 3?
22220002
What is -121211210 (base 3) in base 6?
-132503
What is 963 (base 13) in base 9?
2170
Convert 10102020 (base 3) to base 7.
10155
What is -110101111 (base 2) in base 16?
-1af
849 (base 15) to base 5
24434
What is 6477 (base 10) in base 7?
24612
-253 (base 9) to base 12
-156
Convert 33020 (base 6) to base 16.
11c4
Convert 1031312 (base 4) to base 2.
1001101110110
Convert -9ca (base 13) to base 5.
-23222
What is -36c (base 14) in base 3?
-221100
Convert -177 (base 9) to base 13.
-b8
Convert 20056 (base 9) to base 6.
140553
10344 (base 5) to base 9
884
Convert -100110001000001 (base 2) to base 5.
-1111041
Convert 11132 (base 4) to base 16.
15e
Convert -1010101110 (base 2) to base 13.
-40a
What is -6535 (base 7) in base 15?
-a54
-244 (base 11) to base 16
-122
Convert 7778 (base 10) to base 6.
100002
482 (base 9) to base 7
1106
-11001001000001 (base 2) to base 7
-52336
What is 553 (base 6) in base 4?
3111
76a (base 12) to base 10
1090
Convert 142324 (base 7) to base 4.
12221332
261 (base 10) to base 15
126
Convert b98 (base 14) to base 2.
100011110010
1022002011 (base 3) to base 9
38064
Convert -283ba (base 12) to base 13.
-1c579
100000001100 (base 2) to base 7
6002
What is 4863 (base 9) in base 4?
320211
Convert -3d2 (base 15) to base 9.
-1168
What is 6fbd (base 16) in base 4?
12332331
What is 9c38 (base 16) in base 7?
224411
a8 (base 11) to base 9
141
Convert -5321 (base 7) to base 2.
-11101010101
Convert 100100110 (base 2) to base 12.
206
Convert -3144 (base 12) to base 4.
-1110010
Convert -2e14 (base 15) to base 11.
-74a8
-45330 (base 10) to base 8
-130422
What is -11110111 (base 2) in base 3?
-100011
2730 (base 9) to base 11
15a6
What is 8e9 (base 16) in base 2?
100011101001
-1445 (base 8) to base 9
-1084
What is -707 (base 12) in base 7?
-2650
What is -252 (base 15) in base 4?
-20033
What is 714a (base 15) in base 2?
101110101110000
628 (base 11) to base 14
3c0
Convert -38122 (base 9) to base 14.
-949a
3250 (base 7) to base 16
48a
-102102221 (base 3) to base 14
-307b
What is 33aa (base 14) in base 5?
241340
15542 (base 9) to base 14
3c49
-11 (base 7) to base 12
-8
11752 (base 9) to base 12
46a8
Convert -730 (base 15) to base 5.
-22440
What is -be92 (base 15) in base 3?
-2001102202
What is 7524 (base 10) in base 14?
2a56
-456 (base 13) to base 9
-1020
What is -4602 (base 7) in base 2?
-11010000100
Convert 3209 (base 16) to base 7.
52226
18840 (base 10) to base 2
100100110011000
33071 (base 8) to base 15
41a6
What is 9004 (base 10) in base 7?
35152
What is 85c (base 13) in base 14?
741
2949 (base 10) to base 11
2241
-70788 (base 9) to base 10
-46574
-2101 (base 9) to base 11
-1180
-525 (base 6) to base 11
-16a
What is bb0b (base 15) in base 14?
10615
Convert d62 (base 14) to base 2.
101001001010
What is -34103 (base 5) in base 15?
-aa3
4208 (base 12) to base 9
10788
What is 50233 (base 6) in base 7?
25110
What is -75 (base 14) in base 5?
-403
Convert -32351 (base 6) to base 11.
-3394
Convert -5322 (base 9) to base 4.
-331010
-4aa0 (base 13) to base 5
-314413
-1aa61 (base 11) to base 15
-89d8
2e0f (base 16) to base 14
4423
Convert -11021211 (base 3) to base 13.
-1567
Convert 5a (base 12) to base 2.
1000110
3826 (base 10) to base 12
226a
What is b67 (base 15) in base 12?
15a4
-31635 (base 9) to base 16
-51c2
What is 1707 (base 8) in base 14?
4d1
Convert -1101100110 (base 2) to base 14.
-462
What is -110514 (base 6) in base 10?
-9262
-3c9 (base 15) to base 12
-600
Convert -18490 (base 10) to base 12.
-a84a
290e (base 15) to base 14
32bb
Convert 1001101000011 (base 2) to base 12.
2a2b
What is -2745 (base 12) in base 2?
-1000110100101
What is -110110 (base 2) in base 14?
-3c
1000 (base 14) to base 15
c2e
Convert -675 (base 10) to base 16.
-2a3
Convert -30120 (base 6) to base 13.
-1a3a
Convert 541132 (base 6) to base 11.
30346
Convert -ac (base 13) to base 15.
-97
-121011 (base 3) to base 4
-12310
Convert 83 (base 10) to base 5.
313
What is 562 (base 15) in base 8?
2301
What is -10121100 (base 3) in base 8?
-5104
Convert 354a (base 16) to base 8.
32512
Convert 169 (base 10) to base 6.
441
-20013 (base 4) to base 6
-2223
1320301 (base 6) to base 12
36091
13432 (base 5) to base 15
4e7
What is -2757 (base 12) in base 5?
-121111
Convert 2200011 (base 3) to base 10.
1948
Convert -4463 (base 8) to base 13.
-10c2
-16a9 (base 14) to base 10
-4069
-31 (base 12) to base 6
-101
What is -247567 (base 8) in base 7?
-505243
What is -411350 (base 6) in base 10?
-32754
Convert c3f7 (base 16) to base 15.
ece7
Convert 52354 (base 7) to base 9.
18587
-13366 (base 7) to base 12
-2121
What is -4042 (base 13) in base 6?
-104534
Convert -43103 (base 5) to base 6.
-21235
Convert -1188 (base 10) to base 4.
-102210
Convert 351 (base 16) to base 15.
3b9
Convert 40b3 (base 16) to base 8.
40263
What is -1000020 (base 3) in base 11?
-609
What is -12615 (base 10) in base 8?
-30507
Convert -202001111 (base 3) to base 14.
-5484
What is -64e (base 15) in base 7?
-4103
What is -15003 (base 10) in base 13?
-6aa1
Convert 8b (base 16) to base 3.
12011
291 (base 10) to base 6
1203
8a92 (base 13) to base 7
110342
What is 110224 (base 5) in base 12?
225a
-1526 (base 12) to base 9
-3353
Convert 1e7 (base 16) to base 6.
2131
4061 (base 7) to base 16
587
Convert 1071 (base 8) to base 12.
3b5
Convert 5310 (base 6) to base 8.
2252
Convert -220250 (base 6) to base 14.
-6914
116331 (base 7) to base 12
104a3
What is 571 (base 13) in base 12?
661
2560 (base 9) to base 2
11101111101
212000220 (base 3) to base 6
205423
What is 6b58 (base 15) in base 16?
5918
12032 (base 4) to base 7
1106
What is b301 (base 14) in base 9?
46182
What is 10113 (base 4) in base 16?
117
What is 25117 (base 10) in base 15?
7697
Convert -111100000 (base 2) to base 11.
-3a7
What is -12a (base 12) in base 16?
-b2
What is 160 (base 13) in base 12?
187
Convert -12069 (base 10) to base 4.
-2330211
What is -4f0b (base 16) in base 13?
-9297
Convert -433 (base 6) to base 7.
-324
-3300 (base 4) to base 3
-22220
What is -2304 (base 8) in base 16?
-4c4
-20277 (base 8) to base 6
-102451
-43 (base 5) to base 4
-113
-51a1 (base 11) to base 16
-1ae7
What is 2013032 (base 4) in base 6?
104022
Convert 24101 (base 8) to base 13.
48c9
What is 6904 (base 13) in base 5?
432312
What is 200 (base 14) in base 2?
110001000
Convert -2123 (base 7) to base 9.
-1025
-114123 (base 5) to base 13
-1c4b
Convert -188 (base 16) to base 10.
-392
147a2 (base 12) to base 7
146621
What is -160 (base 11) in base 7?
-355
What is -43552 (base 6) in base 7?
-23423
Convert -2637 (base 16) to base 13.
-45b7
Convert -11566 (base 7) to base 11.
-2311
-1001020 (base 3) to base 4
-23322
Convert -342401 (base 7) to base 5.
-3422113
What is -704 (base 13) in base 2?
-10010100011
Convert -23422 (base 7) to base 12.
-35b7
-3119 (base 13) to base 9
-10265
What is -12a0 (base 13) in base 8?
-5151
What is -121111 (base 3) in base 5?
-3240
What is -57734 (base 8) in base 15?
-7410
Convert -919 (base 11) to base 13.
-674
What is -b092 (base 12) in base 8?
-45256
b911 (base 13) to base 14
951c
What is -2531 (base 8) in base 12?
-961
Convert 2032010 (base 5) to base 2.
1000001001100100
Convert -20112 (base 3) to base 2.
-10110000
What is 3250 (base 8) in base 2?
11010101000
-427 (base 9) to base 13
-20b
Convert 27 (base 12) to base 8.
37
What is -4133 (base 6) in base 7?
-2454
-4602 (base 16) to base 15
-549c
Convert 32432 (base 6) to base 14.
18c4
-102123 (base 4) to base 13
-6c9
-1643 (base 16) to base 14
